s).
5
Suppose -3*w - 3*i + 0*i - 12 = 0, 3*w + 4*i + 17 = 0. Let y(t) = -19*t**2 + t - 1. Calculate y(w).
-19
Let i = -10 - -7. Let j be 1*(2/(-1) - i). Let o = 7 - j. Let s(f) = f**2 - 7*f + 9. What is s(o)?
3
Let g(j) = -2*j + 1. Let c = 19 - 13. Give g(c).
-11
Let u(k) = -k + 4. Let g(q) = 5*q**3 - 1. Let r be g(-1). Determine u(r).
10
Let w(m) = -2*m + 5. Let v(f) = 8*f - 21. Let o(a) = -2*v(a) - 9*w(a). What is o(6)?
9
Let q be -5 - (1 - (-2 + 2)). Let o(i) = 11*i. Let y(z) = 5*z. Let m(k) = q*o(k) + 13*y(k). Calculate m(1).
-1
Let g(n) be the first derivative of n**4/2 - 4*n**3/3 + 3*n**2/2 - 6*n + 7. Let q(p) = 3*p**3 - 5*p**2 + 3*p - 7. Let z(s) = 6*g(s) - 5*q(s). Calculate z(2).
-15
Let q(j) be the third derivative of 0*j**4 - 1/60*j**5 + j**2 - 5/6*j**3 - 1/120*j**6 + 0*j + 0. Let k be 0/(4 + -5 + -2). Determine q(k).
-5
Let l(h) = -h - 9. Let w = 7 - 7. Let o(k) = -k - 6. Let s be o(-6). Let q = s + w. Calculate l(q).
-9
Let y(s) = s + 3. Suppose 3*x = 2*o + 5, 0 = -3*o + 5*x - 3*x - 10. Determine y(o).
-1
Let y = 107 + -104. Let h(d) = d - 6. Give h(y).
-3
Let k(p) = -p**3 - 3*p**2 - 3. Let i(l) = -l**2 + 5*l. Let o be i(5). Let c(v) = v**2 + v - 9. Let m be c(o). Let s be 25/m + (-6)/27. Calculate k(s).
-3
Let g(m) be the third derivative of m**5/20 + m**4/6 + m**2. Let l(r) = -r**2. Let a(q) = g(q) + 4*l(q). Calculate a(5).
-5
Let k(g) be the second derivative of g**3/6 - g**2 - 27*g. Suppose 3*m = -m - 28. Let d = 12 + m. What is k(d)?
3
Let q(d) = 9*d + 19. Let t(h) = 3*h + 6. Let l(k) = 2*q(k) - 7*t(k). Calculate l(3).
-13
Let i = -13 + 21. Suppose g = -g + i. Let v(k) = -5*k**3 - 10*k**2 - 4*k - 2. Let q(h) = -6*h**3 - 11*h**2 - 5*h - 2. Let b(w) = 6*q(w) - 7*v(w). What is b(g)?
-6
Let r = -12/5 - -29/10. Let i(o) be the second derivative of -3*o**2 + 3*o + r*o**3 + 0. Determine i(5).
9
Let g(l) = 3*l**3 + 3*l**2 - 4. Let n(r) = -10*r**3 - 8*r**2 + 11. Let u(k) = 11*g(k) + 4*n(k). Suppose -2*f + 0 + 2 = 0. Determine u(f).
-6
Let g(b) = 3 + 2*b**2 + 3 + 4*b - 4 - 3. Determine g(-3).
5
Let q(w) = -5*w**2 + 4. Let l(p) = 9*p**2 - p - 7. Let f(y) = -6*l(y) - 11*q(y). What is f(-5)?
-7
Let i(k) be the third derivative of -1/6*k**3 + 3*k**2 + 0*k**4 + 0 + 0*k - 1/6*k**5. Let x = 9 - 8. Give i(x).
-11
Let v(y) be the third derivative of -y**6/180 - y**5/60 - y**4/24 + y**2. Let o(k) be the second derivative of v(k). Give o(-2).
6
Let n(s) be the second derivative of 1/6*s**4 + 7/6*s**3 + 2*s**2 + 2*s + 0. Give n(-4).
8
Let h(b) = -b - 2. Let n be ((-4)/4)/((-1)/5). Suppose 3*r - 2 = 13. Suppose r*s - n + 20 = 0. Determine h(s).
1
Let i(r) be the first derivative of 5/24*r**4 + 1/60*r**5 - 1 + 0*r + 1/2*r**2 - 1/3*r**3. Let f(w) be the second derivative of i(w). Give f(-4).
-6
Let i(n) = 10*n**2 + n. Let x be ((-2 - 2)/2 + 3)/(-1). Determine i(x).
9
Let w(r) = 5*r + 4. Let a be w(-2). Let h(s) = -2*s - 5. Calculate h(a).
7
Suppose 4 = -f + 4*n + 5, 3*f - 17 = -2*n. Let y(x) be the second derivative of x**3/6 - x**2 - 7*x. Give y(f).
3
Let l be -5*(-3 + (-11)/(-5)). Let v(d) = -d + 3. Let o be v(l). Let t(m) = -3*m**3 - 1. Give t(o).
2
Let t(y) = -3*y. Let i(m) = 13*m. Let q(d) = 2*i(d) + 9*t(d). Calculate q(0).
0
Suppose 0 = 4*y - 12 + 4. Let r(a) = 2*a**2 - 21*a + y*a**2 - a**3 + 6 + 2*a**2 + 22*a. Calculate r(6).
12
Let q be -1 - ((-286)/(-24))/(-11). Let b(z) be the second derivative of -1/3*z**3 + z + 0 + q*z**4 - 7/2*z**2. What is b(5)?
8
Let y(t) = -7*t**2 - 1 + 15*t + 3*t**2 - 3*t**2 - 2. Let b(l) = -3*l**2 + 7*l - 1. Let p(h) = -5*b(h) + 2*y(h). Calculate p(5).
-1
Let y(n) = -n**3 - 8*n**2 + 9*n - 4. Suppose -q - 7 = 2. Calculate y(q).
-4
Let x(h) = 4*h - 6. Let a(d) = -3*d + 4. Let l(b) = -7*a(b) - 5*x(b). What is l(-7)?
-5
Let c = 15 + -12. Let l(w) be the first derivative of -w**2/2 - 3*w - 1. What is l(c)?
-6
Suppose 5*r - 3*r = -3*a - 11, 0 = 2*r + a + 5. Let z(v) = 3*v**3 + v**2 - 1. Give z(r).
-3
Let k(t) = -t**2 + 7*t + 7. Suppose 0 = -0*o + 3*o - 3, 5*w - 5*o - 25 = 0. What is k(w)?
13
Let l(p) = -3 - p**2 - 3*p - 4 + 7. What is l(-4)?
-4
Let d(t) = t**2 + 6*t - 4. Let l = -4 - -23. Suppose -2*a + 5 = 3*x, 0 = -4*x + 1 + l. Calculate d(a).
-9
Suppose 5*g + 0 = 15. Let p be (g/(-6))/((-1)/2). Let r(b) = -6*b**3 - 1. Calculate r(p).
-7
Let x(u) = -u**3 + 2*u**2 + 7*u - 6. Suppose 2*i = -2*y + 7*i - 33, 2*y = -4*i - 6. Let q = -6 - y. Let f be q/(-18) - (-50)/12. Calculate x(f).
-10
Let v(u) = -2 - u**2 - 2*u + 8*u + 0*u. Calculate v(5).
3
Let x(p) = -p**2 + 13. Let l = -9 - -9. What is x(l)?
13
Let p(y) = 2*y - 2. Let b(i) = -i - 12. Let q be b(-5). Let o = q - -10. Determine p(o).
4
Let m(r) = -r**2 - 2 + 9 - 4*r - r + 0*r. Let q(t) = -6 - 5*t + 5*t + t**2 - 6*t. Let v be q(6). Calculate m(v).
1
Let m(a) = 5*a - 3. Let d = 77 + -81. Give m(d).
-23
Let o(u) = u**2 - 2*u + 3. Suppose -5*j - 6 = 4*d, -3*d = 2*j + j + 6. Determine o(j).
3
Let g(s) = -s + 26. Let r be 0*(-1)/(-2)*(-29 - -28). What is g(r)?
26
Let r be (-2)/4*(-2 + -2). Suppose 2*f = 3*h - r*h + 3, -37 = -3*f - 5*h. Let u(d) = d - 5 + 5. Give u(f).
4
Let w(v) = -6*v + 1. Let r be (4/3)/((-2)/(-3)). Determine w(r).
-11
Suppose -2*s - 6 = -0. Suppose 0*v - 4*v = -12. Let u(w) = v*w + 0*w + 2 + 0*w. Determine u(s).
-7
Let n(i) = i**2 - 4*i + 2. Let b be (-20)/(-6) - 4/(-6). What is n(b)?
2
Let j(h) = 2*h + 11. Let b(t) = t + 6. Let d(o) = 4*o + 1. Let y be d(-2). Let u = -7 + 11. Let k(i) = u*j(i) + y*b(i). What is k(2)?
4
Let i(r) = r**2 + 5*r - 2. Suppose -5*z + 10 = -0. Let q(y) = -3*y + 2. Let o be q(z). Give i(o).
-6
Let a(z) = 8*z + 9*z + 8*z. Calculate a(1).
25
Let w(b) be the first derivative of -b**3/3 - 5*b**2/2 - 2*b + 15. Suppose 3*y = -0*y. Let n = y - 4. Give w(n).
2
Let g(b) = 2 - 8*b - 2*b**3 + 3*b + 4*b**3. Let f be (-3 - 0) + (2 - 0). Let k(d) = d**3 - d**2 - d. Let o(r) = f*g(r) + 3*k(r). What is o(3)?
4
Let f(g) = 3*g + 3. Let p be 4*((-60)/(-16) + -3). What is f(p)?
12
Let d(j) = 13*j. Let c(f) = -f + 1. Let k be c(0). Determine d(k).
13
Let s(u) = 4*u**2 - 5*u - 2. Let y(v) = 5*v**2 - 6*v - 3. Let c(g) = -3*s(g) + 2*y(g). Let n = -15 + 11. Let t be (2/n)/(3/(-18)). Determine c(t).
-9
Let j(r) be the second derivative of r**5/20 + 5*r**4/12 + 5*r**3/6 + 5*r**2/2 + 38*r + 2. Determine j(-4).
1
Let r(q) = -q**3 - 5*q**2 - 5*q - 1. Let t(p) be the second derivative of p**4/6 + p**3/6 - 3*p**2/2 - 2*p. Let k be t(7). Let y be k/(-27) - 2/9. What is r(y)?
3
Suppose -5*w - 8 = -3*g + 14, 18 = -4*w + 2*g. Let b(n) = n**2 + 5*n - 1. Determine b(w).
-1
Let r(o) be the second derivative of -o**5/20 - o**4/4 - o**3/6 + o**2 - 7*o. Determine r(-2).
0
Let u(g) be the third derivative of 7*g**4/24 + g**3/3 - 17*g**2. Calculate u(-2).
-12
Let u(s) be the third derivative of -2*s**2 + 7/24*s**4 + 0 + 1/12*s**5 - 1/120*s**6 + 0*s - s**3. Calculate u(6).
0
Let m(c) = 2*c**2 + c + 1. Suppose 8 = 11*v - 7*v. Let k(y) = -2*y**2 - 2*y - 2. Let q(j) = v*m(j) + 3*k(j). What is q(-3)?
-10
Let j(a) be the second derivative of 1/2*a**2 - 2/3*a**3 + 0 + 1/60*a**5 + 4*a + 1/24*a**4. Let x(t) be the first derivative of j(t). Give x(0).
-4
Let p(q) be the third derivative of -q**6/120 - q**5/12 + q**4/3 + q**3/6 + 8*q**2. Determine p(-6).
-11
Let x = 54 - 49. Let t(j) = j**2 - 5*j - 6. Give t(x).
-6
Let i(m) = -2*m**3 + m**2 + 2*m + 2. Suppose -5*r = 3*x + 5 + 11, -r - 2 = 0. Calculate i(x).
18
Let i(t) = -t**2 + t - 11. Suppose 0*l = 3*l - 6. Suppose 16 = -2*v - 2*v, -5*v - 20 = -l*u. Determine i(u).
-11
Suppose z - 3 - 1 = 0. Suppose 4 = -0*s - z*s. Let k(j) be the second derivative of -j**3 - j**2/2 + j. Determine k(s).
5
Let k = 13 - -2. Let l be (4/(-12))/((-5)/(-165)). Let t = l + k. Let p(u) = -u**3 + 4*u**2 + 4*u - 5. Calculate p(t).
11
Let u(g) = g**2 + 2*g + 1. Suppose -5*x + 4 = -1. Let v be 4 - ((-1 - -2) + x). Determine u(v).
9
Let a(d) = 3*d + 1. Suppose -6 = 3*j - 0. Determine a(j).
-5
Let a = 3 - -5. Let n = -3 + 8. Suppose 0 = -n*w + a - 28. Let f(t) = -t**2 - 2*t + 2. Determine f(w).
-6
Suppose -3 = 2*u + 5. Let o(i) = -i**2 - 4*i - 6. Calculate o(u).
-6
Let m(s) = -s**2 - 2*s - 2. Let u(z) = -z**3 + 5*z**2 + z - 5. Suppose 0 = 2*c - 4, -3*d - 4 = 4*c - 24. Let r be u(d). Suppose -5*k - 5 = r. Give m(k).
-10
Let d(r) = -r + 10. Let z be d(-9). Sup